e
Is 14343229 a composite number?
True
Is 5615261 a composite number?
False
Is 40952323 prime?
True
Is 11059478 a prime number?
False
Is 11280989 composite?
False
Is 21563449 composite?
False
Is 14873597 composite?
True
Is 21032686 prime?
False
Is 170993 a prime number?
False
Is 94948717 a prime number?
False
Is 4510511 composite?
True
Is 3454057 a composite number?
True
Is 10766851 composite?
True
Is 2361629 composite?
False
Is 41730089 a prime number?
True
Is 1689397 composite?
False
Is 12294167 composite?
True
Is 3929847 composite?
True
Is 161677 a prime number?
False
Is 28151551 composite?
True
Is 4895333 composite?
True
Is 403951 a prime number?
True
Is 159869 prime?
True
Is 9698957 a prime number?
True
Is 5738251 a composite number?
False
Is 227546399 prime?
True
Is 679114 composite?
True
Is 8495849 a composite number?
False
Is 1247167 a prime number?
True
Is 693703 a prime number?
False
Is 123863 a prime number?
True
Is 54690089 prime?
True
Is 5303707 a composite number?
False
Is 70871201 a composite number?
False
Is 329358773 composite?
False
Is 298878817 a composite number?
False
Is 48548219 a prime number?
False
Is 43924171 a prime number?
True
Is 25808059 composite?
False
Is 355734991 a composite number?
True
Is 9132703 prime?
False
Is 3074791 prime?
True
Is 5695297 composite?
False
Is 1842131 a composite number?
False
Is 15534461 composite?
False
Is 22938371 a composite number?
False
Is 75340163 a prime number?
True
Is 11167501 composite?
True
Is 1880623 prime?
False
Is 36188111 a prime number?
False
Is 99392165 composite?
True
Is 27007361 a prime number?
True
Is 742891 composite?
False
Is 927491 prime?
True
Is 279555943 prime?
False
Is 9460477 prime?
False
Is 40403255 a composite number?
True
Is 126790457 a prime number?
True
Is 127011653 prime?
True
Is 23331271 prime?
True
Is 42868051 prime?
True
Is 6591817 prime?
False
Is 4454819 a composite number?
False
Is 7861199 a composite number?
True
Is 36045199 a prime number?
True
Is 216586729 a prime number?
False
Is 698977 a composite number?
False
Is 2628841 prime?
False
Is 3250663 a prime number?
False
Is 517162 a composite number?
True
Is 23189281 a composite number?
True
Is 3238643 a prime number?
True
Is 116231359 a prime number?
True
Is 15329147 prime?
True
Is 31731589 a composite number?
False
Is 708959 prime?
True
Is 515690413 a composite number?
True
Is 821959 a composite number?
True
Is 61024443 prime?
False
Is 15467677 prime?
False
Is 85781 a composite number?
False
Is 613409879 a prime number?
True
Is 799274681 a composite number?
False
Is 5913031 prime?
True
Is 3236587 prime?
True
Is 247946293 a composite number?
True
Is 5506503 composite?
True
Is 1820267 a composite number?
False
Is 1333649 a prime number?
True
Is 42154399 a prime number?
False
Is 5401166 a composite number?
True
Is 8036113 prime?
False
Is 56049881 a composite number?
False
Is 105904177 prime?
False
Is 205519519 composite?
True
Is 15641777 a prime number?
True
Is 28522801 prime?
False
Is 8526205 prime?
False
Is 101580407 prime?
True
Is 20385541 composite?
True
Is 31652569 a composite number?
True
Is 543379 composite?
False
Is 9520471 a composite number?
False
Is 16341209 a composite number?
False
Is 17158001 prime?
False
Is 30852427 a composite number?
False
Is 62062981 a prime number?
False
Is 224356983 a prime number?
False
Is 8075579 a composite number?
False
Is 1110247 composite?
False
Is 1911347 a prime number?
True
Is 430229 prime?
False
Is 261956063 composite?
False
Is 62840863 a composite number?
True
Is 286147097 prime?
True
Is 660883 composite?
True
Is 149037661 a prime number?
True
Is 3836977 a composite number?
False
Is 1708123 composite?
True
Is 551829 composite?
True
Is 13372133 a prime number?
False
Is 4433717 prime?
False
Is 20667749 prime?
False
Is 38310967 a composite number?
False
Is 46337 composite?
False
Is 133059313 a composite number?
False
Is 128451109 prime?
True
Is 30384611 prime?
True
Is 52939379 composite?
False
Is 12930427 a composite number?
True
Is 97817801 composite?
True
Is 6836969 composite?
False
Is 9272147 a prime number?
True
Is 9922331 a composite number?
True
Is 6316517 a composite number?
False
Is 3064531 prime?
True
Is 7915373 prime?
False
Is 160645231 a composite number?
True
Is 2110751 composite?
False
Is 89297737 a composite number?
False
Is 4248043 a prime number?
True
Is 23492753 a composite number?
True
Is 105023609 prime?
True
Is 5863171 composite?
True
Is 231509 a prime number?
False
Is 16439861 prime?
True
Is 19226453 a prime number?
True
Is 43062247 a prime number?
False
Is 4756747 a prime number?
True
Is 856627 a prime number?
True
Is 139461877 a prime number?
True
Is 16929629 composite?
False
Is 3925829 composite?
False
Is 377873 prime?
True
Is 6606037 a composite number?
True
Is 172593238 prime?
False
Is 69149753 a composite number?
True
Is 5329717 a prime number?
False
Is 1481115253 prime?
True
Is 22146911 composite?
True
Is 83213153 a prime number?
True
Is 28637537 a composite number?
True
Is 33845762 prime?
False
Is 764069 a composite number?
True
Is 280814849 a prime number?
False
Is 1307899 a prime number?
False
Is 7340009 composite?
False
Is 153487 a prime number?
True
Is 62690413 composite?
False
Is 8112157 a composite number?
True
Is 206597003 a prime number?
True
Is 309618443 a composite number?
True
Is 698129 composite?
True
Is 4395787 composite?
True
Is 4695989 composite?
False
Is 12654923 a composite number?
False
Is 11526457 a composite number?
False
Is 2600099 composite?
True
Is 166769443 composite?
True
Is 509783 a prime number?
True
Is 17089249 prime?
True
Is 7191757 a prime number?
True
Is 86006149 a prime number?
False
Is 5434229 a prime number?
True
Is 281927489 prime?
True
Is 4317395 composite?
True
Is 181408867 composite?
True
Is 8117491 a prime number?
True
Is 87729077 a prime number?
True
Is 3872059 a composite number?
False
Is 1984991 prime?
True
Is 6068651 composite?
False
Is 2102311 prime?
True
Is 4170541 composite?
False
Is 36488629 composite?
False
Is 25719409 composite?
True
Is 22091519 prime?
True
Is 12211747 a prime number?
True
Is 326889371 a prime number?
False
Is 58190191 composite?
True
Is 3371059 prime?
True
Is 13196441 prime?
True
Is 460338689 composite?
False
Is 201547 a prime number?
True
Is 1252579 a prime number?
True
Is 155452463 composite?
False
Is 59779001 a prime number?
False
Is 37012237 composite?
False
Is 1159661 composite?
False
Is 20300662 a prime number?
False
Is 1626491 a composite number?
True
Is 5435 composite?
True
Is 332193661 composite?
False
Is 427327 composite?
False
Is 77851437 a composite number?
True
Is 69786187 a composite number?
False
Is 1481819 composite?
False
Is 33871 a composite number?
False
Is 1641337 prime?
False
Is 461780393 prime?
True
Is 34828447 a composite number?
False
Is 42983951 a composite number?
False
Is 2232793 prime?
True
Is 98161699 a prime number?
True
Is 2135017 prime?
True
Is 24317 prime?
True
Is 309850223 composite?
False
Is 135697 composite?
False
Is 5996129 prime?
True
Is 523487 composite?
False
Is 1207723 a prime number?
False
Is 435995759 a composite number?
False
Is 3469483 composite?
True
Is 2598829 a prime number?
True
Is 24113186 prime?
False
Is 3048429 prime?
False
Is 71248249 prime?
True
Is 9359401 a composite number?
True
Is 8226613 composite?
True
Is 13910461 prime?
False
Is 10893031 composite?
False
Is 2229467 composite?
False
Is 19580389 composite?
True
Is 6757793 prime?
False
Is 75923545 composite?
True
Is 949760629 a prime number?
True
Is 10240717 prime?
False
Is 93679 composite?
True
Is 17117057 composite?
False
Is 1004413 composite?
True
Is 30022837 a prime number?
False
Is 848059 prime?
False
Is 54826397 composite?
True
Is 118590226 prime?
False
Is 10818869 prime?
False
Is 2594909 a composite number?
False
Is 60865261 composite?
True
Is 26931461 a prime number?
True
Is 594735839 a composite number?
True
Is 1354249 a composite number?
True
Is 7511347 composite?
False
Is 5145937 composite?
False
Is 44686649 a composite number?
True
Is 589585 a prime number?
False
Is 1869029 a composite number?
False
Is 295909 composite?
False
Is 2317001 prime?
False
Is 1282762141 composite?
True
Is 35784449 composite?
False
Is 10019629 composite?
True
Is 132